 be the first derivative of 35*c**2/2 - 9*c + 97. Does 8 divide y(3)?
True
Let y(s) = 2*s**3 - 3*s**2 - 10*s + 22. Let f be y(5). Suppose -47 = u - f. Is u a multiple of 21?
False
Let h(v) = 9*v + 5. Let c be h(2). Let s(q) = -q**3 - 9*q**2 - 9*q + 26. Let x be s(-7). Let m = c - x. Is m a multiple of 8?
True
Let f(p) = 9*p + 2. Suppose -13*n + 16*n = -3. Let w be n/(0 - 2/6) - 1. Does 5 divide f(w)?
True
Let l = -158 + 160. Suppose l*n - n = 746. Is 43 a factor of n?
False
Let h = -201535 + 294871. Is (-2)/(h/13336 - 7) a multiple of 26?
False
Suppose -4*z + 3*r + 15 = 0, 19*r = -11*z + 15*r + 78. Let t = 315 + -95. Suppose 0 = -z*f + 16*f - t. Does 6 divide f?
False
Let f(x) = -3*x + 34. Suppose -2*d - 2 = d - 2*s, 4*d + 26 = -2*s. Does 29 divide f(d)?
False
Let y = -9772 + 15238. Is y a multiple of 7?
False
Let s(a) = 3*a**2 + 97*a + 790. Does 12 divide s(-34)?
True
Let m(o) = -o - 2. Let h be m(-5). Suppose 2 = -2*a - h*y - 8, y = -a - 5. Let v(q) = -7*q - 21. Is v(a) a multiple of 11?
False
Let o be -2 - -2 - 4 - -9. Let x(r) = -13*r**3 - 5 - 13*r**3 - 5*r**2 + 27*r**3 + 4*r + r**2. Is 11 a factor of x(o)?
False
Let k = 172 + 13. Let a = k - 111. Does 30 divide (-7 - a)*10/(-3)?
True
Let u = -518 - -521. Suppose -134*y + 135 = -132*y + u*w, -3*w = 4*y - 267. Is y a multiple of 22?
True
Suppose 55*w + 420*w + 4577341 = 18676766. Does 67 divide w?
False
Let y(l) = 56*l**2 + 56*l**2 - 111*l**2 + 336 + l**3 - l. Does 14 divide y(0)?
True
Suppose 0 = -n + 2*y + 941 - 55, 5*y + 3550 = 4*n. Suppose 2*t = n + 6. Is t a multiple of 14?
True
Suppose 272*n = 249*n + 475410. Is 30 a factor of n?
True
Suppose 5*d + 33 - 488 = 0. Let u = 92 - d. Does 23 divide u*182 + 3 + -7?
False
Suppose 72*x = 17*x + 10758 + 134607. Is x a multiple of 22?
False
Let p(y) = -43*y**3 - y. Let t be p(-3). Suppose m + r - 221 = 0, 4*r - 104 + t = 5*m. Suppose 0 = -7*g - 2*g + m. Is g a multiple of 24?
True
Let o(u) = u**3 + 68*u**2 - 168*u + 23. Is 267 a factor of o(-28)?
False
Let a = -537 - -797. Suppose 0 = 4*r + 200 - a. Is r a multiple of 3?
True
Let a(t) = -109*t + 248. Let i(g) = -27*g + 62. Let f(u) = -2*a(u) + 9*i(u). Is f(-11) a multiple of 31?
False
Let z(w) = -2*w + 27. Let c be ((-2)/(-2) - 4)*-4. Let g be z(c). Suppose 2*r - 10 = 0, 0*n - 5*r = g*n - 97. Is n a multiple of 12?
True
Suppose -14 = h - 18. Suppose -7*f = -3*f - h. Suppose 2*t = f + 59. Is t a multiple of 25?
False
Let l = 6873 - 5393. Does 40 divide l?
True
Suppose 0*p = 2*p + 10. Suppose 7*j = 3*z + 4*j, 5*j = 2*z. Is 6*(p/(-2) - z) a multiple of 6?
False
Suppose 0 = -5*u - 3*c + 21, -c + 2*c = 2. Suppose -u*n = -339 - 105. Does 8 divide n?
False
Let i = -2078 + 4523. Does 15 divide i?
True
Suppose -3*r + 2*x - 48 = -308, 5*x = 2*r - 188. Let t = r + -66. Suppose 4*y = 2*h + 282, -3*h + 398 = 5*y + t. Does 13 divide y?
False
Let j = 60 + -31. Let k = j + -23. Suppose k*g = -2*g + 736. Is 49 a factor of g?
False
Let t(v) = -2*v + 1. Let a(u) = -127*u - 41. Let d(h) = -a(h) - 4*t(h). Is d(9) a multiple of 24?
False
Let a be ((-2288)/(-10))/(-4)*(-5 + 0). Is 15 a factor of a + (-1 + -3 - -6)?
False
Let b(h) = 21*h**2 - 22*h + 71. Let o(z) = -7*z**2 + 7*z - 24. Let v(a) = -6*b(a) - 17*o(a). Let t(w) be the first derivative of v(w). Is 33 a factor of t(-5)?
False
Let c be 13 + -81 + (-2 - (-2 + 4)). Let a = c - -69. Let i(r) = 12*r**2 + r + 3. Does 10 divide i(a)?
False
Suppose 84 = -3*n + 17*n. Suppose 2*b + n = 12. Suppose 6*x = b*x + 4*y + 306, -3*y = 2*x - 187. Does 13 divide x?
False
Is 60/(((-1)/8)/(3286/(-248))) a multiple of 30?
True
Suppose 2*x - 27*w - 50594 = -26*w, 5*x + 3*w = 126474. Is 98 a factor of x?
False
Let s = 185 - 181. Suppose 5*k - 4*y = 568, -s*k + k + 3*y + 339 = 0. Does 4 divide k?
True
Suppose -16*o + 24*o + 8 = 0. Does 21 divide (-195)/(-9) + o/(6/4)?
True
Let u(o) = -129*o - 2705. Is 10 a factor of u(-55)?
True
Let v(n) = 109*n - 4. Let y be v(-1). Let w = -80 - y. Does 4 divide w?
False
Let h = -207 + 212. Suppose -h*l = -636 + 141. Is l a multiple of 9?
True
Let b(u) = 14*u + 176. Let a(v) = -3*v - 35. Let s(d) = -16*a(d) - 3*b(d). Let o be s(11). Let f = o + -49. Does 7 divide f?
True
Suppose 0 = 5*o + 3*j - 3, -9*o + 5*j = -10*o + 5. Suppose -13*m = -8*m + 2*p - 3809, 4*m + p - 3046 = o. Is m a multiple of 14?
False
Let t = -260 + 1672. Does 36 divide t?
False
Suppose -45*i + 39*i - 132 = 0. Let w be (-376)/(-2) - (-4 + 5). Let t = w - i. Does 31 divide t?
False
Suppose 0 = 4*a + s + 704, -2*s + 200 = -a + 15. Is 10/(a/90 - 2/(-1)) a multiple of 15?
True
Suppose -t + 2*t = 10. Let s be 8 - (-3)/(9/(-6))*2. Let f = t - s. Is 3 a factor of f?
True
Let k(v) = 730*v - 2366. Is k(12) a multiple of 23?
True
Is (1595/10)/((-21)/(-714)) a multiple of 45?
False
Suppose 101*g - 99*g = -4. Is g - (-4 - (-896)/(-2)) a multiple of 18?
True
Let m(p) = -2*p**3 - 5*p + 32. Let t be m(0). Suppose 0 = -5*h - n + 6491, -37*n + t*n = h - 1303. Is h a multiple of 11?
True
Let s(i) = -13*i**3 + 10*i**2 + 51*i - 12. Is 120 a factor of s(-12)?
True
Suppose 4*p = 4*o - p - 897, -p + 459 = 2*o. Suppose -4*s = -2*g + o, 0 = 3*s + 2*g + 109 + 62. Let u = 97 + s. Does 40 divide u?
True
Let c = 16961 - 16736. Is 2 a factor of c?
False
Let g(q) = 2*q**2 - 64*q + 740. Is g(126) a multiple of 42?
False
Suppose -43*g + 148926 = -137454. Is g a multiple of 36?
True
Suppose 0 = 40*b + 31*b - 74124. Is 58 a factor of b?
True
Suppose -359 = -4*q - 5*s, -1 = -2*s - 3. Let y = 358 - q. Is 14 a factor of y?
False
Let y = 88 + -82. Does 16 divide (-3)/15*12*(-1420)/y?
False
Let f(n) = -n**3 + 7*n**2 + 8*n. Let h be f(8). Let l(t) be the third derivative of t**5/60 + 113*t**3/6 - 222*t**2 - 1. Is l(h) a multiple of 17?
False
Suppose 77*q - 1909040 = -11221. Is 19 a factor of q?
False
Let y(o) = -2*o**3 + 257*o**2 + 224*o + 529. Does 182 divide y(129)?
False
Let z = -33 + -15. Let p = z - -57. Let u(n) = n**2 - 7*n + 5. Is u(p) a multiple of 23?
True
Suppose 0 = -f - 5*l + 10866, 123*l - 21762 = -2*f + 118*l. Is f a multiple of 24?
True
Let i be -1*5*6/18*57. Let c = -95 - i. Suppose c = 2*m - 298 - 62. Does 20 divide m?
True
Let v be (-14)/4 - 4/8 - -79. Is 18 a factor of ((-25250)/v)/(2/(-3))?
False
Suppose 5*d - 3*d = 4. Let x = -821 + 830. Suppose 5*j + 177 = d*y, j + x = -2*j. Is 9 a factor of y?
True
Suppose 2*j - 27808 = -4*v - 2*j, -3*j = 2*v - 13910. Is v a multiple of 23?
True
Suppose j = -5*x + 10218, 145 = 4*j + 153. Does 3 divide x?
False
Let g(o) = -o**3 + 15*o**2 + 40*o + 2. Does 86 divide g(-8)?
False
Let w(z) = z**2 - 9*z + 9. Let k be w(4). Let m = 49 + k. Is 38 a factor of m?
True
Let y(t) = -2*t**3 - t**2 - 9*t + 5. Let s be y(6). Let j = s + 866. Does 25 divide j?
False
Let s(k) = -6*k**2 + 13*k**2 + 8*k**2 + 16 + 9*k + 15*k**2. Does 33 divide s(-5)?
False
Let k(g) = 4*g**3 - 8*g + 696. Let s(h) = -7*h**3 + 16*h - 1386. Let y(t) = -11*k(t) - 6*s(t). Does 55 divide y(0)?
True
Does 62 divide 180*(11 + 1275/(-115) + (-4282)/(-46))?
True
Let s = -21754 + 25981. Is 64 a factor of s?
False
Suppose 3*l - 4*q = -4, 4*l + 2 - 1 = q. Let a(n) = n + 559. Is a(l) a multiple of 21?
False
Let q(m) = -49*m**3 + 8*m**2 + 15*m - 8. Does 114 divide q(-5)?
False
Suppose -63*d + 6006 + 10752 = 0. Does 133 divide d?
True
Does 18 divide (38/(-57))/(32/(-387936))?
True
Let s be 16/88*22 - 1783*-2. Suppose 8*d - s = d. Is d a multiple of 5?
True
Let q = -61 - -63. Suppose 96 = 2*b - z, q*z + 38 = b - 16. Suppose v - 21 = b. Is v a multiple of 15?
False
Let o(n) = 23*n + 98. Let b be o(-5). Let j = 433 + b. Does 32 divide j?
True
Let b = 560 + 1076. Suppose -18*q + 3530 + b = 0. Is q a multiple of 54?
False
Let z = -16 + 9. Let x(b) = b**3 - 23*b**2 - 2*b - 19. Let m(q) = -q**3 + 22*q**2 + q + 18. Let w(h) = z*m(h) - 6*x(h). Is w(16) a multiple of 8?
False
Let x be -32*(-9 + 155/20). Let t be 3 + 0 + -5 - -4. Suppose t*g = -2*g + x. Does 10 divide g?
True
Let c(w) = -6*w + 68. Let l be c(11). Let j be ((-1 + l)/1)/((-3)/(-21)). Suppose -10*i + 150 = -j*i. Is i a multiple of 4?
False
Let j(s) = 25*s + 7. Let w(t) = 4 + 8 + 6*t - 13 + 3. Let k(z) = 6*j(z) - 26*w(z). Does 10 divide k(-5)?
True
Let g = 66 + -66. Suppose -3*n = 3*v + 285, 384 = -4*v - 2*n - g*n. Let o = 46 - v. Does 11 divide o?
True
Let d(g) =